he prime factors of l/(-119) + 6/(-51)?
5, 181
Let l(q) = -q**3 - 6*q**2 + 16*q + 31. Let v be l(-7). What are the prime factors of ((-384)/v)/((-2)/(-67))?
2, 3, 67
Suppose 0 = 344*b - 343*b - 5. Suppose 5*q + b - 30 = 0, s = q + 77. List the prime factors of s.
2, 41
Suppose -680*u - 5*s + 1993 = -677*u, -u = -2*s - 646. What are the prime factors of u?
2, 41
Suppose -6043 = 4*r - a - 2*a, -3*r + 2*a = 4533. Let x = -964 - r. What are the prime factors of x?
3, 61
List the prime factors of -11 + 14 - (-3 + -11614 + -7).
7, 11, 151
Let d = -147 + 501. Suppose -4*c - d = -1674. List the prime factors of c.
2, 3, 5, 11
What are the prime factors of 802/(-6)*(-1)/((-16)/(-816))?
17, 401
Let w be 8/(-48) + ((-91)/(-6))/1. Suppose w*n - 5044 - 866 = 0. List the prime factors of n.
2, 197
List the prime factors of (115/(-92))/((-7)/(272776/5)).
2, 4871
Let u(i) = i**3 - i**2 - 2*i + 5. Let n be u(0). Suppose -2*b - 3 = -n. List the prime factors of (b/(-4))/((-7)/812).
29
Suppose 23*y = 14*y - 99. Let t(f) = -51*f - 159. List the prime factors of t(y).
2, 3, 67
Let v(u) = u**3 - 38*u**2 + 432*u + 102. List the prime factors of v(37).
14717
Let u(o) = 5*o**2 - 25*o + 23. Let h = -437 - -448. List the prime factors of u(h).
353
Let v = -338 - -921. Let s = v + 668. List the prime factors of s.
3, 139
Suppose -5*o - 4*g + 120 = 0, -8*g + 79 = 3*o - 7*g. List the prime factors of 32/o + 88712/91.
2, 61
Suppose -6*p = -4*p + 4*s - 428, -214 = -p - 3*s. Suppose p = 5*x + 3*a, -4*a = -15 + 3. List the prime factors of x.
41
Let x be 3 - 0*(-3)/18. List the prime factors of 453 + x/((-6)/(-14)).
2, 5, 23
Let g = 3721 - 1832. What are the prime factors of g?
1889
Let a(y) = -493*y + 238. List the prime factors of a(-18).
2, 17, 67
Suppose 1105647 = 84*t + 372915. List the prime factors of t.
11, 13, 61
Let m(i) = 295 + 2*i**2 + 3*i**2 + 5*i - 312. List the prime factors of m(4).
83
Suppose 0*t = 12*t + 204. Let q(h) = h**3 + 20*h**2 + 37*h - 27. What are the prime factors of q(t)?
211
Let y be ((-25)/(-4))/((-1)/(-104)). Let k(q) = -q + 6. Let i be k(2). Suppose -i*n + y = 6*n. List the prime factors of n.
5, 13
Let p(l) = -7 - 24*l + 50 + 6*l + 6*l + l. List the prime factors of p(3).
2, 5
Let m = 30057 + -14773. List the prime factors of m.
2, 3821
Suppose 2*b - 13*b + 385 = 0. Suppose b*i + 1335 = 40*i. What are the prime factors of i?
3, 89
Suppose 23*w = -6829 + 1193905. What are the prime factors of w?
2, 3, 11, 17, 23
Let g = -11151 - -24279. List the prime factors of g.
2, 3, 547
Let o be (-27)/12 - -2 - 232/(-32). Let g be (-2 + 22*-2)*(11 - o). List the prime factors of 1/(1 - g/(-188)).
47
Let c(o) = 334*o**3 + 81*o**2 - 416*o - 5. List the prime factors of c(5).
2, 5, 11, 379
Let s(q) = -22778*q - 1781. What are the prime factors of s(-2)?
5, 17, 103
Suppose 5*w - 40*p = -42*p - 1256, -6 = -3*p. What are the prime factors of w/(-147)*(-1274)/(-4)?
2, 3, 7, 13
Let a(d) = -56*d**3 + 40*d**2 + 227*d + 7. What are the prime factors of a(-6)?
13, 937
Let w be ((-2)/6 - (-12)/9)*5. Suppose 9 = -w*m - 26. What are the prime factors of (-7)/(-1)*(-2 - m)?
5, 7
Let v(n) = -n**3 + 13*n**2 - 19*n - 8. Let o be v(11). Suppose -i - 21 + o = 0. What are the prime factors of i + 0 + (2 - (-172 - -3))?
5, 7
What are the prime factors of (11814/21)/(3/42)?
2, 11, 179
Suppose 2*l + 0*l + 3*g - 429 = 0, -5*g - 421 = -2*l. Let i be -74 + 3 + 0/(-3). Let n = l + i. List the prime factors of n.
2, 71
Suppose -298 = -30*m + 182. List the prime factors of m.
2
Suppose -8*q + 10*q - 6 = 0. Suppose 3*d + 5*c + 52 = 0, q*d + 2*c = -100 + 36. Let n(t) = -t**3 - 24*t**2 - 3*t + 6. List the prime factors of n(d).
2, 3, 13
Let n = 43004 - 858. What are the prime factors of n?
2, 13, 1621
Let p(v) = 20*v**2 - 174*v - 970. List the prime factors of p(-58).
2, 38201
Suppose 4*w = -2*q + 3*q - 1721, 2*w - q + 861 = 0. Let n = 472 - w. What are the prime factors of n?
2, 11, 41
What are the prime factors of 11 + (-3)/((-27)/59733)?
2, 3, 277
Let d(i) = 2*i - 23. Suppose 31*g - 65 = 26*g. Let u be d(g). Let o(a) = 7*a**3 - 6*a**2 + 8*a - 7. List the prime factors of o(u).
2, 19
Let p(o) = -4*o + 5. Let q be p(3). Suppose 18*a = 17*a + 1. List the prime factors of 10 + q - (a + -9*13).
7, 17
Let v = -330 + 324. Let a(s) = s**3 + 11*s**2 + 19*s + 21. What are the prime factors of a(v)?
3, 29
Let t be (-28)/(-154) - (-2 + (-5036)/11). Suppose 227*s - 232*s + t = 0. What are the prime factors of s?
2, 23
Suppose 0 = -2*k + 39*k + 54*k - 824733. What are the prime factors of k?
3, 19, 53
Suppose -17*k = -25*k + 5296. Let q = -211 + k. What are the prime factors of q?
11, 41
Let u = 11 - -57. Suppose 3*r + 117 = -v, -v - 2*r = 46 + u. Let f = 132 + v. What are the prime factors of f?
2, 3
Let f(s) = -3*s - 31. Let q be f(-13). Let u(o) = q*o - 11 - 7*o - 6*o - 14*o. What are the prime factors of u(-3)?
2, 23
Let h = 5159 - -95. List the prime factors of h.
2, 37, 71
Suppose -7*m + 234 = -60. Let i = -33 + m. Suppose -3*o + i + 156 = 0. List the prime factors of o.
5, 11
Let x = -25 - -21. Let i be 7 - ((-20)/x + -5). Let q = i - -56. What are the prime factors of q?
3, 7
Suppose -12*m - 13*m - 22950 = 0. Let k = 166 - m. List the prime factors of k.
2, 271
Suppose 4*d + 5*a - 4700 = 0, a = d - 2*a - 1158. Suppose -55*w + 57*w = d. What are the prime factors of w?
3, 5, 13
Let x = 55 - 61. Let i(j) = -j**2 - 16*j - 27. Let l be i(x). Let r = l + 181. What are the prime factors of r?
2, 107
Suppose 8 - 78 = 7*w. Let q = 176 + -118. Let z = q + w. What are the prime factors of z?
2, 3
Let v(w) = -12*w**3 - 5*w**2 + 16. Let o(q) = 2*q**2 + q. Let g(a) = 3*o(a) + v(a). What are the prime factors of g(-4)?
2, 197
Let c = -171051 - -243259. List the prime factors of c.
2, 4513
Suppose 7*n - 20 = -6. Suppose 5*m + n*m - 8848 = 0. Suppose 20*g = 4*g + m. List the prime factors of g.
79
Suppose -14 = -5*y - 4. Suppose -x - 10 = 3*m, 2*m + y*m = -20. Suppose 432 = x*w - w. List the prime factors of w.
2, 3
Suppose -p + 3*o + 98 = 0, -o - 2*o - 6 = 0. Let b = 49 - 12. Let s = p - b. List the prime factors of s.
5, 11
Suppose 176*w = 186*w - 1370. What are the prime factors of w?
137
Let i(d) = -d**3 + 5*d**2 + d - 7. Let l be i(5). Let p be (352 - 3 - 0) + l. Suppose -p - 41 = -4*r. List the prime factors of r.
97
Suppose -5*f + 63 = -22. Suppose -4*q + 4*t + 48 = 0, q + 4*t + f = 4. What are the prime factors of q?
7
Let n(y) = -y**3 + 2*y**2 + 12*y + 15. Let z be n(-4). Suppose 0 = 3*w - 4*a - 66, 0 = 4*w - 0*a + 3*a - z. What are the prime factors of w?
2, 3
Suppose 9*y = 16*y - 42. Suppose 18 = -y*j - 2958. List the prime factors of 1/((-3)/(-2)) + j/(-12).
2, 3, 7
Suppose 10 = 9*m - 4*m, 2*m + 153392 = 4*h. What are the prime factors of h?
3, 4261
What are the prime factors of (-174 - -435)/(1 + 0)?
3, 29
Let s(k) = 2*k**2 - 10*k + 3. Let u be s(4). What are the prime factors of (3 + 5/(-2))/(u/(-2050))?
5, 41
Let o be -2*(-12)/14*28/8. What are the prime factors of 1630/o - ((-44)/(-33))/(-4)?
2, 17
Let i(a) = 75*a - 21. Let g(o) = 12*o - 64. Let j be g(6). List the prime factors of i(j).
3, 193
Suppose -11*q = -239397 - 285468. Suppose q = 36*a - 4485. What are the prime factors of a?
2, 5, 29
Let v(d) = 9*d + 18. Suppose -12 = -r - 0*r. List the prime factors of v(r).
2, 3, 7
What are the prime factors of (-10)/(-8)*2829*140/21?
5, 23, 41
Let d(n) = 5*n**3 - 16*n**2 + 10*n + 49. Let o(r) = -r**3 + 2*r**2 - r + 1. Let w(z) = d(z) + 6*o(z). What are the prime factors of w(-7)?
2, 3, 29
Suppose 0 = -12*t + 21*t - 18. List the prime factors of t/4 - 6280/(-16).
3, 131
Suppose 36*s = 46*s + 2160. Let r = 938 - s. What are the prime factors of r?
2, 577
Suppose 4*i - 140 = -4*w, 3*i + 105 = 3*w - 2*i. List the prime factors of (-1 - 4)*(-6972)/w.
2, 3, 83
Let o be (114/(-24) - -5)/(3/60). Suppose -5*l = -5*v - 1780, -5*l + 3*v - o*v + 1801 = 0. List the prime factors of l.
359
Suppose 144*j = 146*j - d - 10311, -3*d = -2*j + 10325. What are the prime factors of j?
2, 7, 23
Suppose -11789 = -9*w + 42229. Suppose -7*t = -1054 - w. List the prime factors of t.
2, 3, 7
Let w(o) be the first derivative of 3*o**3 + o**2 + 5*o - 37. What are the prime factors of w(-6)?
317
Let i(k) be the first deri